 -22*y + 26*y + 112 = 4*i. What is the remainder when 842 is divided by i?
17
Let r = 29790 + -28992. What is the remainder when r is divided by 10?
8
Let p = 357 + 453. Calculate the remainder when p is divided by 84.
54
Suppose -2*s - 52 + 62 = 0. Suppose 8 = -61*r + 57*r, -f + s*r = -333. Calculate the remainder when f is divided by 6.
5
Let s(o) = -45*o - 2080. Calculate the remainder when s(-61) is divided by 97.
83
Let j = -212 + 3. Let s = 225 + j. Suppose 3*h = -p + 124, -24 = -h + 5*p + 12. Calculate the remainder when h is divided by s.
9
Let t(b) = -2*b**3 - 6*b + 424. What is the remainder when t(0) is divided by 74?
54
Let n = 47 + 77. Suppose 2*b - n = -2*b. Let t = -3 + b. What is the remainder when t is divided by 8?
4
Suppose -122 = -0*j - 2*j. Let q = -47 + j. Suppose -t + 65 = -q. Calculate the remainder when t is divided by 21.
16
Let b = 5790 - 5683. What is the remainder when b is divided by 80?
27
Let u = -19046 + 19126. Calculate the remainder when 331 is divided by u.
11
Suppose 2*k - 91 = -69. Suppose k = j - 65. Suppose 0 = i - 2*c - 21, 0 = -3*i - c + 5*c + 53. What is the remainder when j is divided by i?
10
Suppose 0 = -l + 3*g + 1, 5*g = g + 12. Let a = 4 + l. Calculate the remainder when (-2 - (-4)/(-3))*255/(-34) is divided by a.
11
Suppose 224 - 42 = 7*w. Let f be w*(9 - (2 - 1)). Let b = f - 116. Calculate the remainder when b is divided by 27.
11
Let r = 27 + -20. Suppose r*s = -s + 80. Suppose -4*c + 109 = 89. Calculate the remainder when s is divided by c.
0
Let m(r) = 9*r - 116. Let v be m(29). Suppose 0 = -9*g + 4*g + v. Calculate the remainder when 81 is divided by g.
23
Let s be (13 + -3)/(2/3). Suppose 2*z - 189 = -7*z. What is the remainder when 31 is divided by 2*(2 + z/(-6)) + s?
7
Let a(x) = 2*x**3 + 77*x**2 + 3*x + 505. Calculate the remainder when 1842 is divided by a(-38).
7
Let q(b) = -b**2 - 2*b + 136. Suppose 52 = -3*w + 20*i - 16*i, 2*i = 3*w + 44. What is the remainder when q(w) is divided by 9?
7
Suppose -30*h = 32*h + h - 3969. Calculate the remainder when 345 is divided by h.
30
Calculate the remainder when 108 is divided by 987/12 - (-8)/(-32).
26
Let b = 1503 + -1459. What is the remainder when 348 is divided by b?
40
Let m be (1/6)/((-4)/(-8))*30. Suppose 2*o - m*q - 102 = -6*q, q - 255 = -5*o. What is the remainder when 148 is divided by o?
46
Let j = 4779 + -4691. Calculate the remainder when 262 is divided by j.
86
Suppose a + 1 = 4*n + n, 0 = 3*n + 3. What is the remainder when (-1264)/(-6) - a - 2/3 is divided by 55?
51
Let j = 1310 - 619. What is the remainder when j is divided by 114?
7
Let q = -6872 + 7668. What is the remainder when 802 is divided by q?
6
Let j(q) = -11*q**2 + 337*q + 155. What is the remainder when 766 is divided by j(31)?
22
Let p be 1/((-2)/(-9))*800/15. Suppose 5*g = -4*y + 194, -32 = 4*y - 2*g - p. What is the remainder when y is divided by 28?
23
Suppose 0 = 5*q + 2*l - 276, 5*q + 4*l + 38 = 310. What is the remainder when 2741 is divided by q?
53
Suppose 0 = -4*i + 3*p + 4982, -4*i + p + 4505 = -473. What is the remainder when i is divided by 29?
26
Let d = -7 - -11. Suppose 779 = d*l + 5*y, -2*y + 629 - 43 = 3*l. Suppose 0 = 6*w + 8*w - l. Calculate the remainder when 47 is divided by w.
5
Let w be (-18)/(-10) + 16/80. Suppose -w*u - 3*k + 8 = -10, 2*u + 4*k = 20. Calculate the remainder when 14 is divided by u.
2
Calculate the remainder when 240/(-280)*(7 - (-12838)/(-6)) is divided by 20.
8
Let g = 1 - -2. Let v(d) = 5*d**2 + 2*d + 3. Calculate the remainder when v(g) is divided by -7 + 25 - (847/(-7))/11.
25
Let m = 1356 + -1351. What is the remainder when 3203 is divided by m?
3
Let i(y) = y**3 - 6*y**2 + 7*y - 5. Let u be i(4). Let n be (u/6)/((-4)/24). What is the remainder when 167 is divided by (-28)/(-12)*n*1?
20
Let j be -819 - -37 - (2 + (-12)/(-3)). Let m = j - -839. What is the remainder when m is divided by 14?
9
Let p = -5820 + 5947. Calculate the remainder when 185 is divided by p.
58
Let k(r) = -1502*r - 16421. Calculate the remainder when 9593 is divided by k(-11).
99
Let j(r) = r**3 - 19*r**2 + 52*r + 14. Let k(a) = -5*a. Let h be k(-1). Suppose -h*z + 105 - 5 = 0. Calculate the remainder when j(16) is divided by z.
18
Let y = -19356 - -19365. What is the remainder when 1063 is divided by y?
1
Suppose -100 = -3*t + 3*b + 1835, -2*t + 4*b + 1292 = 0. What is the remainder when t is divided by 44?
28
Let p(k) = -k**3 - 27*k**2 + 8*k - 24. Let b be p(-27). Let x = -43 - b. What is the remainder when x is divided by 20?
17
Let a(i) = 32 + 2*i - 6*i + 8 + 6 + 25*i. Calculate the remainder when a(7) is divided by 25.
18
Suppose 0 = 5*v - 4*w - 215, 12*v - 9*v = 4*w + 121. What is the remainder when 195 is divided by v?
7
Suppose 131 = -25*s + 456. Calculate the remainder when (-224)/20*200/(-16) is divided by s.
10
Calculate the remainder when 350 is divided by 194*(5 - ((-63)/(-14) - 0)) - 7.
80
Suppose 0 = 3*r - 4*r. Suppose 4*n + 90 = 3*l - l, 5*l + 4*n - 155 = r. Calculate the remainder when 112 is divided by l.
7
Suppose 35 = 3*p + 2*o - 6, p = 4*o + 23. Suppose -114*k + 28316 + 6264 = 114*k + 608. Calculate the remainder when k is divided by p.
14
What is the remainder when 3492 is divided by 10 - (1386/(-21) + 2)?
14
Let a(j) = -2*j**3 - 15*j**2 - 46*j - 163. What is the remainder when a(-8) is divided by 158?
111
Let w = 493 + -475. What is the remainder when (240/w)/5*(-195)/(-10) is divided by 11?
8
Let r = -1191 + 1730. Let o = -459 + r. What is the remainder when o is divided by 28?
24
Let z = 27 + 11. Suppose -87*x = -101*x + 4242. Calculate the remainder when x is divided by z.
37
Let j(b) be the second derivative of -b**5/20 - 25*b**4/12 - 5*b**3/6 - 18*b**2 + 133*b. What is the remainder when j(-25) is divided by 49?
40
Let k be 2 - 0 - -17 - 0. Let y = 2079 - 2077. Let o = y + k. Calculate the remainder when 55 is divided by o.
13
Suppose 1180*a - 1072*a = 4752. Calculate the remainder when 481 is divided by a.
41
Let p(y) = -y**3 + 59*y**2 + 65*y - 182. Calculate the remainder when p(60) is divided by 105.
13
What is the remainder when (1136/24 - -20)*(-6)/(-4) is divided by 45?
11
Suppose 2*h + 187 = 3*p + 440, 2*h - 5*p - 255 = 0. Let x(z) = 4*z**3 + 47*z**2 - 13*z + 25. Calculate the remainder when h is divided by x(-12).
14
Let q(o) = -358*o + 989. Calculate the remainder when q(-36) is divided by 257.
256
Let h be 4*((-1 + 2)/(-2))/(-1). Calculate the remainder when (166/8*h)/(109/218) is divided by 11.
6
Suppose -z + 604 = 2*j, -25*z + 24*z = 5*j - 1504. Calculate the remainder when j is divided by 116.
68
Suppose 628 = 43*r - 45*r. Let v = r + 356. Calculate the remainder when v is divided by 16.
10
Let m = -9 + 17. Suppose -4*o + m = 0, 3*d = 5*d + 5*o - 98. Let h = -2749 + 2758. What is the remainder when d is divided by h?
8
Let y = 67 - 63. Let b = -1 + y. Suppose -2*q = -f - 27, b*q - 5*q - 4*f + 52 = 0. What is the remainder when q is divided by 5?
1
Let n be (-25)/(-4) - 2/8. Let f be (2 + -3)*((-12 - -7) + 4). What is the remainder when (-1 + 9)*(n - f) is divided by 11?
7
Suppose 0 = -2*h + 5*h - 36. Suppose 58*s - 56*s = -140. Calculate the remainder when h is divided by (s/(-15))/(-7) + 52/6.
4
Calculate the remainder when 2 - 10 - -4*(-8801)/(-52) is divided by 113.
104
Suppose 34*m - 30*m + 4*i - 3288 = 0, 3*m + i = 2470. What is the remainder when m is divided by 75?
74
Suppose 0 = 69*c + 161*c - 97520. What is the remainder when c is divided by 264?
160
Let a(d) = -d**2 - 8*d + 6. Let i = -710 - -727. Let f = i + 33. What is the remainder when f is divided by a(-7)?
11
Let k be 1/2*-3*(-8)/4. Suppose 16 = k*g - 128. What is the remainder when 88 is divided by 12/g + (-198)/(-8)?
13
What is the remainder when -7*(-345)/644*(-1312)/(-3) is divided by 53?
50
Suppose 2*z + 1930 = 4*z. Suppose 0*l = -5*l + z. Let u = -132 + l. Calculate the remainder when u is divided by 32.
29
What is the remainder when ((-28)/70)/(((-96)/(-3015))/(-16)) is divided by 63?
12
Let v(o) be the second derivative of 7*o**4/12 - o**3 + 9*o**2/2 + 74*o. Calculate the remainder when 72 is divided by v(2).
22
Suppose 0 = 2681*w - 2680*w + h - 1, 3*h + 48 = 0. Let q(u) = 61*u + 2. Calculate the remainder when q(3) is divide